multiple of 38?
True
Let m(u) = 3*u**2 + 5*u - 183. Is m(15) a multiple of 7?
True
Suppose -221 - 229 = -2*z. Suppose 0 = -4*v + 3*p - 0*p + 12, -5*p = 3*v - 9. Suppose -2*g = v*g - z. Does 23 divide g?
False
Let h(y) = y**3 + 8*y**2 + 20*y + 0*y**2 - 14*y - 3. Let p be h(-7). Suppose 28 = 2*g - 2*q, 3*q - 5*q = p*g - 44. Does 4 divide g?
True
Suppose -2*b + 0*b - 4 = 0. Let v = b - -6. Is (2/v)/((-10)/(-1020)) a multiple of 14?
False
Let l = -1869 - -5197. Is l a multiple of 14?
False
Let f(w) = 20*w**2 - w - 2. Let m be (-24)/11 - 2/(-11). Is f(m) a multiple of 16?
True
Let s = -103 - -109. Suppose -g + 203 = -2*o + s*o, -g + 198 = -o. Is g a multiple of 21?
False
Let o be (-8)/(-32) - 11/(-4). Let t(g) = 12*g**2 - 8*g + 4. Let y be t(o). Suppose y = -2*u + 6*u. Is u a multiple of 5?
False
Suppose -n + 6*w - 7 = w, 0 = 3*n + 5*w - 19. Let b be n/10*2*5. Suppose -5*l + 4*d + 147 = 0, -b*l - l + 132 = 4*d. Is l a multiple of 18?
False
Is 11/((-220)/8)*-420 a multiple of 14?
True
Let g be -79*(-4)/(-12)*-3. Is g/6 - 11/66 a multiple of 4?
False
Let t(h) be the first derivative of -19*h**2/2 + h + 1. Suppose -37*j = -36*j + 1. Is 10 a factor of t(j)?
True
Suppose n - 4 = 1. Let v be (-12)/(-15)*(-5)/(-2). Suppose 5*z + n*c = 215, -v*z + 9 = -3*c - 77. Is 11 a factor of z?
False
Suppose -5*z = -5*g + 15, 0*g + 2*z + 9 = 3*g. Suppose g*t - 6 = 0, -k + 4*t + 0*t + 101 = 0. Does 25 divide k?
False
Is 159 - ((4/(-1))/1 + 10) a multiple of 17?
True
Let p(c) be the first derivative of 2*c**3/3 + 8*c**2 - 21*c + 39. Is 32 a factor of p(10)?
False
Suppose 0 = -k + 4*a + 192, 3*k + 3*a - 6*a = 549. Does 8 divide k?
False
Let n = 7 - 3. Suppose -3*j = -5*j - n*d + 20, d = j + 5. Suppose 0 = 5*i - j*i - 90. Does 7 divide i?
False
Let v(r) = -143*r + 369*r - 153*r - 1. Is 12 a factor of v(1)?
True
Suppose -9*a - 14 - 22 = 0. Let r(x) = -3*x**3 - 7*x**2 - 6*x + 2. Is 53 a factor of r(a)?
True
Let m = 20 - 15. Suppose -4*g = -7 - m. Suppose -n - 4*j = -21, g*n - 62 = -3*j + 37. Does 11 divide n?
False
Let s(u) = -4 + 7*u**2 + 3 + 2 + 2*u. Let m be s(-1). Let z(x) = 3*x + 13. Is 14 a factor of z(m)?
False
Let a(f) = -3 - 2*f**2 + 0*f + 15 + f**3 - 4*f. Suppose 0 = 4*u - 6*u + p + 9, -26 = -5*u - p. Is a(u) a multiple of 14?
False
Suppose 6 = -3*m - 3, -5*k - 2*m = -1134. Is 12 a factor of k?
True
Suppose -189 - 147 = -3*t. Let n(l) = l**2 + 6*l - 5. Let h be n(-8). Suppose h*u - t = 9*u. Does 14 divide u?
True
Suppose -4*g + 3660 = -g. Does 40 divide g/(-5)*(-2)/4?
False
Let u(d) = 3*d**3 + 5*d**2 - 9*d + 13. Does 4 divide u(5)?
True
Suppose -3*l + 5*l = 0. Suppose 3*o = -5*u + 345, -u + 0 + 3 = l. Let h = o - 78. Is 16 a factor of h?
True
Let o(j) = 16*j - 14. Let q be o(-15). Let g = q - -368. Does 19 divide g?
True
Suppose -5*v - 25 = 35. Suppose -3*n = 9, -6*m = -2*m - 4*n - 132. Let b = m + v. Is 4 a factor of b?
False
Let i(u) = 2*u**3 - 3*u**2 - u - 9. Let j be i(3). Let c = j + 34. Is c a multiple of 3?
False
Let i(k) = -16*k - 38. Is 23 a factor of i(-11)?
True
Let d(v) = v**3 - 2*v**2 - 4*v + 12. Let w be d(2). Suppose w*x - 4*n = 440, 2*x + 5*n + 0*n = 206. Is x a multiple of 18?
True
Suppose 5*i = 597 + 5208. Does 27 divide i?
True
Suppose 0*t = q - 3*t - 372, -5*q = -5*t - 1910. Suppose 0 = -5*o + 4*m + 618, 0*m + 3*m - q = -3*o. Is o a multiple of 14?
True
Let n = -24 + 26. Suppose -4*u = 4*b - 128, b = -2*b + n*u + 106. Is b a multiple of 10?
False
Let q(y) = 130*y**3 - 3*y - 3. Let m be q(-1). Let f = 13 - m. Is 13 a factor of f?
True
Let w = 139 - -761. Is w a multiple of 50?
True
Suppose -496 + 5413 = 33*l. Let b(w) = w**2 - 14*w - 7. Let h be b(7). Let t = h + l. Does 14 divide t?
False
Let p(l) = 35*l**2 + 30*l - 5. Is p(4) a multiple of 9?
True
Let r be 510/68*(-10)/(-3)*8. Let m = -134 + r. Is 22 a factor of m?
True
Let g(w) = 40*w + 16. Let j be g(4). Suppose -3*a + 192 = a - 5*i, -i = -4*a + j. Does 11 divide a?
False
Let y = 1349 + -926. Is 9 a factor of y?
True
Suppose 6*s - 364 - 1310 = 0. Is 9 a factor of s?
True
Let g = -102 + 318. Is 6 a factor of g?
True
Suppose f + 551 = 4*w, -263 = -w - w + 3*f. Let a = 58 - w. Let z = 117 + a. Is 9 a factor of z?
True
Suppose -10 = x + 4*x. Let s(u) = -10*u**3 - u**2 - 2*u - 2. Is 10 a factor of s(x)?
False
Does 10 divide (-8)/20 + 8952/30 + 2?
True
Suppose -2*j + 4*v + 4 = 6*v, 0 = 4*j - 5*v + 19. Does 2 divide 0/3 - 3*j?
False
Let b(a) = 7*a**2 + 6 - 4 + a**3 + 2 + 4*a. Let x = 29 - 32. Does 7 divide b(x)?
True
Suppose 9*s = 5*x + 4*s - 195, -4*x + 153 = -5*s. Is 42 a factor of x?
True
Let s = -30 + 142. Let j = 72 + s. Is j a multiple of 23?
True
Suppose 16 = -h + 5*h. Suppose 0 = -3*c + h*f - 5*f - 48, 0 = -2*c + 2*f - 32. Let q = c + 61. Is 14 a factor of q?
False
Let a = 942 + -298. Is a a multiple of 23?
True
Suppose 2*x = -n - 0*n + 1075, -3*x - 4*n = -1600. Is x a multiple of 15?
True
Suppose 4*u - 288 = 9*b - 11*b, 2*b - u = 303. Does 15 divide b?
True
Let t(d) = -d**3 - 4*d**2 + 3*d + 1. Suppose 0 = 6*i - 21 + 51. Is t(i) a multiple of 11?
True
Let q = 1303 - 1293. Let p be (6/(-4) - -2)*6. Suppose q*m = p*m + 588. Is m a multiple of 11?
False
Suppose y + 1 = -r, -2*y + 8*r + 19 = 3*r. Is 32 a factor of (y - (-5)/(-4)) + 1905/20?
True
Let r = -337 + 441. Is 13 a factor of r?
True
Suppose 3*f = -2359 + 2989. Is 20 a factor of f?
False
Let c(d) = -d**3 - 6*d**2 + 11*d - 21. Let l(r) = -r + 15. Let u be l(23). Does 2 divide c(u)?
False
Let k(l) = -31*l - 27. Does 32 divide k(-5)?
True
Let r(t) = -5 - t**2 - 4*t - 2 + t**2 + 2*t**2. Is r(-3) even?
False
Is (5/10)/(3/3342 + 0) a multiple of 8?
False
Suppose 4*v = 4*s - s, 12 = 3*s. Suppose v*g = r + 625, 0*g - r - 207 = -g. Suppose 3*w + 3*z = z + g, z - 1 = 0. Is 15 a factor of w?
False
Let q(y) = y**2 + 6*y - 4. Let w be q(-8). Let t = w - 6. Is 4 a factor of 3/1 + t - 3?
False
Does 75 divide (-6)/(-4) - ((-15725)/10 + 9)?
False
Let z be 63/12 + (-6)/(-8). Suppose 6 = 2*p + x, -4*p + 2*p + 3*x + z = 0. Suppose -3*u + 10 = -5*u, -4*m = p*u - 49. Does 6 divide m?
False
Let m = 1427 + -861. Does 29 divide m?
False
Let y = -29 + 70. Let a = y + -26. Does 3 divide a?
True
Let a = -278 - -303. Does 8 divide a?
False
Let u be 4/(-16) + 297/(-12). Let i = 35 + u. Is 7 a factor of i?
False
Suppose -4*y + 9*y + 65 = 0. Let b = y + 18. Suppose -b*r = r - 288. Is r a multiple of 12?
True
Let n be 369/4 - (-21)/(-84). Suppose -a = 45 - n. Is a a multiple of 12?
False
Suppose j - 24 = -5*j. Suppose 0 = -3*s + 12, -5*p + j*s + 504 = -p. Does 28 divide p?
False
Let v = -22 + -15. Is 12 a factor of 1*(-3 + 2) - v?
True
Let p be (-52)/14 + 6/(-21). Let h = p - -6. Suppose -48 = -h*w - w. Is w a multiple of 16?
True
Let s be 1287/77 + 4/14. Let c = 37 - s. Is 20 a factor of c?
True
Suppose x - 6*x = 620. Is 7 a factor of (33/22)/((-6)/x)?
False
Let q be 115*25/7 - (-4)/14. Suppose -244 - q = -5*y. Does 13 divide y?
False
Let r(c) = 19*c**2 - 6*c - 12. Does 36 divide r(5)?
False
Suppose -2*x + 11 = 2*x + 5*n, 5*n - 10 = -5*x. Let u be (-44)/(-8) - x/(-2). Does 10 divide (3/6)/(u/110)?
False
Let u(g) = 10*g - 1. Suppose 5*o + 1 = 26. Let a be u(o). Let f = a - 21. Is f a multiple of 7?
True
Suppose 39*i + 495 = 44*i. Is i a multiple of 9?
True
Let n(t) = t**2 + 8*t - 11. Let s be n(-9). Let x(q) = 16*q**2 - 2*q - 2. Let m be x(s). Suppose -2*i = -6 - m. Does 18 divide i?
True
Let f = 1700 - 686. Does 44 divide f?
False
Let o be (-5 + 4)/((-3)/(-6)). Let f be (0 - (o - -1)) + 31. Suppose f = y + 3*y. Is y a multiple of 2?
True
Suppose 2*f = 7*f - 130. Suppose 25*r = f*r - 30. Is 15 a factor of r?
True
Let u be (-2)/5 + 758/(-5). Let k = -53 - u. Does 19 divide k?
False
Let j(a) = 6*a + 28. Let m be j(-4). Suppose -2*b = 2*b - 16, -4*o - m*b + 60 = 0. Is 2 a factor of o?
False
Suppose 676*k = 672*k + 3168. Is 8 a factor of k?
True
Suppose 0 = -o + 4*s + s + 245, s = 0. Is o a multiple of 35?
True
Suppose -30*a - 3906 + 10656 = 0. Does 45 divide a?
True
Is ((-35)/25 + 2)*285 a multiple of 57?
True
Does 69 divide (-1 - 0)*(-757 + 67)?
True
Suppose u + 4*w = 5, 3*w + 56 = 4*u + w. Is u a multiple of 3?
False
Let y(i) be the second derivative of i**5/20 - 5*i**4/3 - 31*i**3/6 + 31*i**2/2 + 45*i. Is 47 a factor of y(22)?
False
Let c be -1 - 1*(-9 + -1). Let m